ime factors of 102766.
2, 51383
List the prime factors of 18026.
2, 9013
List the prime factors of 44469.
3, 61
What are the prime factors of 30671?
30671
What are the prime factors of 25694?
2, 29, 443
What are the prime factors of 512?
2
What are the prime factors of 8815?
5, 41, 43
List the prime factors of 31836.
2, 3, 7, 379
What are the prime factors of 332?
2, 83
What are the prime factors of 82094?
2, 41047
What are the prime factors of 159166?
2, 7, 11369
What are the prime factors of 14236?
2, 3559
List the prime factors of 6585.
3, 5, 439
What are the prime factors of 25184?
2, 787
What are the prime factors of 15427?
15427
List the prime factors of 1978.
2, 23, 43
What are the prime factors of 21062?
2, 10531
What are the prime factors of 22926?
2, 3, 3821
List the prime factors of 5081.
5081
What are the prime factors of 7596?
2, 3, 211
List the prime factors of 9331.
7, 31, 43
List the prime factors of 18382.
2, 7, 13, 101
List the prime factors of 113530.
2, 5, 11353
List the prime factors of 9188.
2, 2297
List the prime factors of 858.
2, 3, 11, 13
What are the prime factors of 4869?
3, 541
What are the prime factors of 44799?
3, 109, 137
List the prime factors of 7868.
2, 7, 281
What are the prime factors of 1263?
3, 421
List the prime factors of 3481.
59
List the prime factors of 7895.
5, 1579
List the prime factors of 896.
2, 7
What are the prime factors of 4061?
31, 131
What are the prime factors of 298?
2, 149
What are the prime factors of 2030?
2, 5, 7, 29
List the prime factors of 68886.
2, 3, 43, 89
List the prime factors of 18805.
5, 3761
What are the prime factors of 1656?
2, 3, 23
What are the prime factors of 6801?
3, 2267
What are the prime factors of 1723?
1723
List the prime factors of 1040.
2, 5, 13
What are the prime factors of 116631?
3, 12959
What are the prime factors of 916?
2, 229
List the prime factors of 2253.
3, 751
List the prime factors of 14549.
14549
List the prime factors of 132.
2, 3, 11
List the prime factors of 22655.
5, 23, 197
What are the prime factors of 1254?
2, 3, 11, 19
List the prime factors of 795.
3, 5, 53
What are the prime factors of 5862?
2, 3, 977
What are the prime factors of 1498?
2, 7, 107
What are the prime factors of 18003?
3, 17, 353
List the prime factors of 13172.
2, 37, 89
What are the prime factors of 1138?
2, 569
List the prime factors of 35197.
61, 577
What are the prime factors of 1408?
2, 11
What are the prime factors of 33034?
2, 83, 199
List the prime factors of 4180.
2, 5, 11, 19
List the prime factors of 654.
2, 3, 109
List the prime factors of 3170.
2, 5, 317
What are the prime factors of 2015?
5, 13, 31
List the prime factors of 66072.
2, 3, 2753
List the prime factors of 28842.
2, 3, 11, 19, 23
What are the prime factors of 359?
359
List the prime factors of 1130.
2, 5, 113
What are the prime factors of 894?
2, 3, 149
List the prime factors of 1031.
1031
List the prime factors of 15252.
2, 3, 31, 41
List the prime factors of 51948.
2, 3, 13, 37
List the prime factors of 73292.
2, 73, 251
What are the prime factors of 465?
3, 5, 31
What are the prime factors of 2131?
2131
List the prime factors of 1060.
2, 5, 53
List the prime factors of 10470.
2, 3, 5, 349
What are the prime factors of 22930?
2, 5, 2293
What are the prime factors of 7186?
2, 3593
What are the prime factors of 2512?
2, 157
List the prime factors of 78234.
2, 3, 13, 17, 59
List the prime factors of 3900.
2, 3, 5, 13
What are the prime factors of 96317?
13, 31, 239
List the prime factors of 41109.
3, 71, 193
List the prime factors of 1458.
2, 3
List the prime factors of 151969.
151969
What are the prime factors of 37853?
37853
List the prime factors of 273.
3, 7, 13
List the prime factors of 3605.
5, 7, 103
List the prime factors of 540.
2, 3, 5
What are the prime factors of 6663?
3, 2221
What are the prime factors of 1297?
1297
List the prime factors of 749.
7, 107
What are the prime factors of 844?
2, 211
What are the prime factors of 5995?
5, 11, 109
What are the prime factors of 77907?
3, 25969
List the prime factors of 30016.
2, 7, 67
What are the prime factors of 17135?
5, 23, 149
What are the prime factors of 3287?
19, 173
List the prime factors of 49520.
2, 5, 619
List the prime factors of 1172.
2, 293
List the prime factors of 19015.
5, 3803
What are the prime factors of 6194?
2, 19, 163
What are the prime factors of 8900?
2, 5, 89
What are the prime factors of 82?
2, 41
What are the prime factors of 1918?
2, 7, 137
List the prime factors of 1880.
2, 5, 47
List the prime factors of 14067.
3, 521
What are the prime factors of 30?
2, 3, 5
What are the prime factors of 29537?
29537
List the prime factors of 13108.
2, 29, 113
What are the prime factors of 4399?
53, 83
What are the prime factors of 35768?
2, 17, 263
What are the prime factors of 23631?
3, 7877
What are the prime factors of 87446?
2, 23, 1901
List the prime factors of 90.
2, 3, 5
List the prime factors of 341.
11, 31
What are the prime factors of 877?
877
What are the prime factors of 5389?
17, 317
List the prime factors of 468.
2, 3, 13
What are the prime factors of 54867?
3, 18289
What are the prime factors of 23090?
2, 5, 2309
List the prime factors of 50.
2, 5
List the prime factors of 328.
2, 41
What are the prime factors of 713?
23, 31
What are the prime factors of 839?
839
List the prime factors of 929.
929
What are the prime factors of 27195?
3, 5, 7, 37
What are the prime factors of 15621?
3, 41, 127
What are the prime factors of 155800?
2, 5, 19, 41
What are the prime factors of 1917?
3, 71
What are the prime factors of 8996?
2, 13, 173
What are the prime factors of 9016?
2, 7, 23
What are the prime factors of 8558?
2, 11, 389
List the prime factors of 3935.
5, 787
What are the prime factors of 36531?
3, 11, 41
List the prime factors of 77359.
77359
List the prime factors of 501.
3, 167
List the prime factors of 106654.
2, 53327
List the prime factors of 619.
619
What are the prime factors of 10496?
2, 41
List the prime factors of 25152.
2, 3, 131
What are the prime factors of 89195?
5, 17839
List the prime factors of 1106.
2, 7, 79
What are the prime factors of 10605?
3, 5, 7, 101
List the prime factors of 740.
2, 5, 37
What are the prime factors of 17297?
7, 353
List the prime factors of 903.
3, 7, 43
What are the prime factors of 181?
181
What are the prime factors of 3539?
3539
What are the prime factors of 600?
2, 3, 5
What are the prime factors of 170?
2, 5, 17
List the prime factors of 16185.
3, 5, 13, 83
What are the prime factors of 2556?
2, 3, 71
List the prime factors of 3918.
2, 3, 653
List the prime factors of 5408.
2, 13
What are the prime factors of 5234?
2, 2617
What are the prime factors of 4712?
2, 19, 31
List the prime factors of 14275.
5, 571
List the prime factors of 11664.
2, 3
What are the prime factors of 814?
2, 11, 37
What are the prime factors of 1555?
5, 311
What are the prime factors of 696?
2, 3, 29
What are the prime factors of 47111?
47111
What are the prime factors of 22041?
3, 31, 79
List the prime factors of 2445.
3, 5, 163
What are the prime factors of 8121?
3, 2707
List the prime factors of 10293.
3, 47, 73
List the prime factors of 864.
2, 3
What are the prime factors of 1478?
2, 739
What are the prime factors of 4319?
7, 617
List the prime factors of 125.
5
List the prime factors of 3284.
2, 821
List the prime factors of 8670.
2, 3, 5, 17
List the prime factors of 46702.
2, 19, 1229
What are the prime factors of 15443?
15443
List the prime factors of 30954.
2, 3, 7, 11, 67
What are the prime factors of 7618?
2, 13, 293
List the prime factors of 2268.
2, 3, 7
List the prime factors of 7213.
7213
What are the prime factors of 9907?
9907
What are the prime factors of 1287?
3, 11, 13
List the prime factors of 4098.
2, 3, 683
List the prime factors of 13765.
5, 2753
List the prime factors of 14600.
2, 5, 73
What are the prime factors of 10620?
2, 3, 5, 59
List the prime factors of 59060.
2, 5, 2953
List the prime factors of 1134.
2, 3, 7
What are the prime factors of 87339?
3, 7, 4159
What are the prime factors of 1483?
1483
What are the prime factors of 30149?
7, 59, 73
What are the prime factors of 1869?
3, 7, 89
List the prime factors of 3907.
3907
What are the prime factors o